{"id":78,"date":"2020-11-07T16:52:14","date_gmt":"2020-11-07T15:52:14","guid":{"rendered":"http:\/\/lepol.fr\/?post_type=product&#038;p=78"},"modified":"2025-03-19T01:54:57","modified_gmt":"2025-03-19T00:54:57","slug":"lenh-de-lelh-bio","status":"publish","type":"product","link":"https:\/\/lepol.fr\/?product=lenh-de-lelh-bio","title":{"rendered":"Festival de dan\u00e7a &#8211; Lenh de l&rsquo;elh &#8211; Bio"},"content":{"rendered":"<p>Vin blanc bio, sans sulfites ajout\u00e9s, c\u00e9page local Lenh de l&rsquo;eilh, quart de sec<\/p>\n<p>White wine, \u00ab\u00a0Lenh de l&rsquo;elh\u00a0\u00bb local grape variety meaning \u00ab\u00a0away from the eye\u00a0\u00bb, close to dry wine<\/p>\n","protected":false},"excerpt":{"rendered":"<p>Vin blanc bio, c\u00e9page Lenh de l&rsquo;eilh<\/p>\n<p>White wine, nearly dry wine<\/p>\n","protected":false},"featured_media":172,"comment_status":"open","ping_status":"closed","template":"","meta":{"spay_email":""},"product_cat":[27],"product_tag":[],"yoast_head":"<!-- This site is optimized with the Yoast SEO plugin v15.9.2 - https:\/\/yoast.com\/wordpress\/plugins\/seo\/ -->\n<title>Festival de dan\u00e7a - Lenh de l&#039;elh - Bio - Le Pol del Lauragu\u00e9s - Vin nature et bio du Lauragais<\/title>\n<meta name=\"robots\" content=\"index, follow, max-snippet:-1, max-image-preview:large, max-video-preview:-1\" \/>\n<link rel=\"canonical\" href=\"https:\/\/lepol.fr\/index.php\/produit\/lenh-de-lelh-bio\/\" \/>\n<meta property=\"og:locale\" content=\"fr_FR\" \/>\n<meta property=\"og:type\" content=\"article\" \/>\n<meta property=\"og:title\" content=\"Festival de dan\u00e7a - Lenh de l&#039;elh - Bio - Le Pol del Lauragu\u00e9s - Vin nature et bio du Lauragais\" \/>\n<meta property=\"og:description\" content=\"Vin blanc bio, c\u00e9page Lenh de l&#039;eilh  White wine, nearly dry wine\" \/>\n<meta property=\"og:url\" content=\"https:\/\/lepol.fr\/index.php\/produit\/lenh-de-lelh-bio\/\" \/>\n<meta property=\"og:site_name\" content=\"Le Pol del Lauragu\u00e9s - Vin nature et bio du Lauragais\" \/>\n<meta property=\"article:modified_time\" content=\"2025-03-19T00:54:57+00:00\" \/>\n<meta property=\"og:image\" content=\"https:\/\/lepol.fr\/wp-content\/uploads\/2020\/11\/Festival-de-danca-2020.jpg\" \/>\n\t<meta property=\"og:image:width\" content=\"826\" \/>\n\t<meta property=\"og:image:height\" content=\"1169\" \/>\n<meta name=\"twitter:card\" content=\"summary_large_image\" \/>\n<script type=\"application\/ld+json\" class=\"yoast-schema-graph\">{\"@context\":\"https:\/\/schema.org\",\"@graph\":[{\"@type\":\"Organization\",\"@id\":\"https:\/\/lepol.fr\/#organization\",\"name\":\"Le Pol del Lauragu\\u00e9s\",\"url\":\"https:\/\/lepol.fr\/\",\"sameAs\":[],\"logo\":{\"@type\":\"ImageObject\",\"@id\":\"https:\/\/lepol.fr\/#logo\",\"inLanguage\":\"fr-FR\",\"url\":\"https:\/\/lepol.fr\/wp-content\/uploads\/2020\/11\/image-logo-le-pol.jpg\",\"width\":579,\"height\":433,\"caption\":\"Le Pol del Lauragu\\u00e9s\"},\"image\":{\"@id\":\"https:\/\/lepol.fr\/#logo\"}},{\"@type\":\"WebSite\",\"@id\":\"https:\/\/lepol.fr\/#website\",\"url\":\"https:\/\/lepol.fr\/\",\"name\":\"LeLe Pol del Lauragu\\u00e9s - Vin nature et bio\",\"description\":\"\",\"publisher\":{\"@id\":\"https:\/\/lepol.fr\/#organization\"},\"potentialAction\":[{\"@type\":\"SearchAction\",\"target\":\"https:\/\/lepol.fr\/?s={search_term_string}\",\"query-input\":\"required name=search_term_string\"}],\"inLanguage\":\"fr-FR\"},{\"@type\":\"ImageObject\",\"@id\":\"https:\/\/lepol.fr\/index.php\/produit\/lenh-de-lelh-bio\/#primaryimage\",\"inLanguage\":\"fr-FR\",\"url\":\"https:\/\/lepol.fr\/wp-content\/uploads\/2020\/11\/Festival-de-danca-2020.jpg\",\"width\":826,\"height\":1169,\"caption\":\"Lenh de l'elh\"},{\"@type\":\"WebPage\",\"@id\":\"https:\/\/lepol.fr\/index.php\/produit\/lenh-de-lelh-bio\/#webpage\",\"url\":\"https:\/\/lepol.fr\/index.php\/produit\/lenh-de-lelh-bio\/\",\"name\":\"Festival de dan\\u00e7a - Lenh de l'elh - Bio - Le Pol del Lauragu\\u00e9s - Vin nature et bio du Lauragais\",\"isPartOf\":{\"@id\":\"https:\/\/lepol.fr\/#website\"},\"primaryImageOfPage\":{\"@id\":\"https:\/\/lepol.fr\/index.php\/produit\/lenh-de-lelh-bio\/#primaryimage\"},\"datePublished\":\"2020-11-07T15:52:14+00:00\",\"dateModified\":\"2025-03-19T00:54:57+00:00\",\"breadcrumb\":{\"@id\":\"https:\/\/lepol.fr\/index.php\/produit\/lenh-de-lelh-bio\/#breadcrumb\"},\"inLanguage\":\"fr-FR\",\"potentialAction\":[{\"@type\":\"ReadAction\",\"target\":[\"https:\/\/lepol.fr\/index.php\/produit\/lenh-de-lelh-bio\/\"]}]},{\"@type\":\"BreadcrumbList\",\"@id\":\"https:\/\/lepol.fr\/index.php\/produit\/lenh-de-lelh-bio\/#breadcrumb\",\"itemListElement\":[{\"@type\":\"ListItem\",\"position\":1,\"item\":{\"@type\":\"WebPage\",\"@id\":\"https:\/\/lepol.fr\/\",\"url\":\"https:\/\/lepol.fr\/\",\"name\":\"Accueil\"}},{\"@type\":\"ListItem\",\"position\":2,\"item\":{\"@type\":\"WebPage\",\"@id\":\"https:\/\/lepol.fr\/?page_id=62\",\"url\":\"https:\/\/lepol.fr\/?page_id=62\",\"name\":\"Boutique\"}},{\"@type\":\"ListItem\",\"position\":3,\"item\":{\"@type\":\"WebPage\",\"@id\":\"https:\/\/lepol.fr\/index.php\/produit\/lenh-de-lelh-bio\/\",\"url\":\"https:\/\/lepol.fr\/index.php\/produit\/lenh-de-lelh-bio\/\",\"name\":\"Festival de dan\\u00e7a &#8211; Lenh de l&rsquo;elh &#8211; Bio\"}}]}]}<\/script>\n<!-- \/ Yoast SEO plugin. -->","_links":{"self":[{"href":"https:\/\/lepol.fr\/index.php?rest_route=\/wp\/v2\/product\/78"}],"collection":[{"href":"https:\/\/lepol.fr\/index.php?rest_route=\/wp\/v2\/product"}],"about":[{"href":"https:\/\/lepol.fr\/index.php?rest_route=\/wp\/v2\/types\/product"}],"replies":[{"embeddable":true,"href":"https:\/\/lepol.fr\/index.php?rest_route=%2Fwp%2Fv2%2Fcomments&post=78"}],"wp:featuredmedia":[{"embeddable":true,"href":"https:\/\/lepol.fr\/index.php?rest_route=\/wp\/v2\/media\/172"}],"wp:attachment":[{"href":"https:\/\/lepol.fr\/index.php?rest_route=%2Fwp%2Fv2%2Fmedia&parent=78"}],"wp:term":[{"taxonomy":"product_cat","embeddable":true,"href":"https:\/\/lepol.fr\/index.php?rest_route=%2Fwp%2Fv2%2Fproduct_cat&post=78"},{"taxonomy":"product_tag","embeddable":true,"href":"https:\/\/lepol.fr\/index.php?rest_route=%2Fwp%2Fv2%2Fproduct_tag&post=78"}],"curies":[{"name":"wp","href":"https:\/\/api.w.org\/{rel}","templated":true}]}}