{"id":184,"date":"2020-11-10T15:14:14","date_gmt":"2020-11-10T14:14:14","guid":{"rendered":"http:\/\/lepol.fr\/?page_id=184"},"modified":"2020-11-13T17:38:14","modified_gmt":"2020-11-13T16:38:14","slug":"accueil","status":"publish","type":"page","link":"https:\/\/lepol.fr\/","title":{"rendered":""},"content":{"rendered":"\n<figure class=\"wp-block-image size-large is-resized\"><img loading=\"lazy\" src=\"https:\/\/lepol.fr\/wp-content\/uploads\/2020\/11\/bandeau-1024x199.jpg\" alt=\"\" class=\"wp-image-282\" width=\"1076\" height=\"209\" srcset=\"https:\/\/lepol.fr\/wp-content\/uploads\/2020\/11\/bandeau-1024x199.jpg 1024w, https:\/\/lepol.fr\/wp-content\/uploads\/2020\/11\/bandeau-255x50.jpg 255w, https:\/\/lepol.fr\/wp-content\/uploads\/2020\/11\/bandeau-768x149.jpg 768w, https:\/\/lepol.fr\/wp-content\/uploads\/2020\/11\/bandeau-300x58.jpg 300w, https:\/\/lepol.fr\/wp-content\/uploads\/2020\/11\/bandeau-600x117.jpg 600w, https:\/\/lepol.fr\/wp-content\/uploads\/2020\/11\/bandeau.jpg 1156w\" sizes=\"(max-width: 1076px) 100vw, 1076px\" \/><\/figure>\n\n\n\n<p class=\"has-text-align-center\"><strong>Bevengut, bienvenue,<\/strong><\/p>\n\n\n\n<div class=\"wp-block-image\"><figure class=\"alignright size-large is-resized\"><img loading=\"lazy\" src=\"https:\/\/lepol.fr\/wp-content\/uploads\/2020\/11\/Espritlieu2-664x1024.jpg\" alt=\"\" class=\"wp-image-153\" width=\"235\" height=\"364\" srcset=\"https:\/\/lepol.fr\/wp-content\/uploads\/2020\/11\/Espritlieu2-scaled-300x463.jpg 300w, https:\/\/lepol.fr\/wp-content\/uploads\/2020\/11\/Espritlieu2-194x300.jpg 194w, https:\/\/lepol.fr\/wp-content\/uploads\/2020\/11\/Espritlieu2-768x1185.jpg 768w\" sizes=\"(max-width: 235px) 100vw, 235px\" \/><figcaption><span class=\"has-inline-color has-vivid-red-color\">L&rsquo;esprit del loc<\/span><br><em> L&rsquo;esprit du lieu<\/em><\/figcaption><\/figure><\/div>\n\n\n\n<p>Adiu, com&rsquo;vas ? Plan, e tu ? Oc, vau plan, merc\u00e9 &#8230;<\/p>\n\n\n\n<p>Install\u00e9s sur un terrain de 10 ha qui a accueilli de la vigne auparavant, nous r\u00e9alisons et \u00e9levons des vins nature et bio, avec plantation d&rsquo;arbres et mise en place d&rsquo;un \u00e9cosyst\u00e8me en diversit\u00e9, en parlant le patois local, l&rsquo;occitan.<\/p>\n\n\n\n<p><\/p>\n\n\n\n<p>Id\u00e9alement, on aimerait y faire p\u00e2turer des brebis, vache, \u2026<\/p>\n\n\n\n<p><\/p>\n\n\n\n<p><\/p>\n\n\n\n<p><\/p>\n\n\n\n<p><\/p>\n\n\n\n<div class=\"wp-block-image\"><figure class=\"alignleft size-large is-resized\"><img loading=\"lazy\" src=\"https:\/\/lepol.fr\/wp-content\/uploads\/2020\/11\/Cara1-1024x768.jpg\" alt=\"\" class=\"wp-image-215\" width=\"320\" height=\"240\" srcset=\"https:\/\/lepol.fr\/wp-content\/uploads\/2020\/11\/Cara1-1024x768.jpg 1024w, https:\/\/lepol.fr\/wp-content\/uploads\/2020\/11\/Cara1-300x225.jpg 300w, https:\/\/lepol.fr\/wp-content\/uploads\/2020\/11\/Cara1-768x576.jpg 768w, https:\/\/lepol.fr\/wp-content\/uploads\/2020\/11\/Cara1-1536x1152.jpg 1536w, https:\/\/lepol.fr\/wp-content\/uploads\/2020\/11\/Cara1-2048x1536.jpg 2048w, https:\/\/lepol.fr\/wp-content\/uploads\/2020\/11\/Cara1-600x450.jpg 600w\" sizes=\"(max-width: 320px) 100vw, 320px\" \/><figcaption>Beurre un cop ? C&rsquo;est possible.<\/figcaption><\/figure><\/div>\n\n\n<style type=\"text\/css\" id=\"umsMapStyles_2_69473\">\n\t#ultimate_maps_2_69473 {\n        width: 100%;\n        height: 250px;\n\t        border: 0px solid ;\n        margin: 0px;\n    }\n\t#mapsControlsNum_2_69473 {\n\t\twidth:100%\t}\n\t.umsMapDetailsContainer#umsMapDetailsContainer_2_69473 {\n\t\theight:250px;\n\t}\n\t.ums_MapPreview#ultimate_maps_2_69473 {\n\t\t\/*position:absolute;*\/\n\t\twidth:100%;\n\t}\n\t#mapConElem_2_69473{\n\t\twidth:100%\t}\n\t<\/style>\n<div class=\"ums_map_opts\" id=\"mapConElem_2_69473\" data-id=\"2\" data-view-id=\"2_69473\" > <div class=\"umsMapDetailsContainer\" id=\"umsMapDetailsContainer_2_69473\"> <i class=\"umsKMLLayersPreloader fa fa-spinner fa-spin\" aria-hidden=\"true\" style=\"display: none;\"><\/i> <div class=\"ums_MapPreview \" id=\"ultimate_maps_2_69473\"><\/div> <\/div> <div class=\"umsMapMarkerFilters\" id=\"umsMapMarkerFilters_2_69473\"> <\/div> <div class=\"umsMapProControlsCon\" id=\"umsMapProControlsCon_2_69473\"> <a title=\"WordPress Google Maps Plugin\" style=\"display:none;\" href=\"https:\/\/supsystic.com\/plugins\/google-maps-plugin\/?utm_medium=love_link_hide\" target=\"_blank\">WordPress Google Maps Plugin<\/a><div style=\"clear: both;\"><\/div> <\/div> <div class=\"umsMapProDirectionsCon\" id=\"umsMapProDirectionsCon_2_69473\" > <\/div> <div class=\"umsMapProKmlFilterCon\" id=\"umsMapProKmlFilterCon_2_69473\" > <\/div> <div class=\"umsSocialSharingShell umsSocialSharingShell_2_69473\"> <\/div> <div style=\"clear: both;\"><\/div> <\/div> \n","protected":false},"excerpt":{"rendered":"<p>Bevengut, bienvenue, Adiu, com&rsquo;vas ? Plan, e tu ? Oc, vau plan, merc\u00e9 &#8230; Install\u00e9s sur un terrain de 10 ha qui a accueilli de la vigne auparavant, nous r\u00e9alisons et \u00e9levons des vins nature&hellip;<\/p>\n","protected":false},"author":1,"featured_media":0,"parent":0,"menu_order":0,"comment_status":"closed","ping_status":"closed","template":"","meta":{"spay_email":""},"yoast_head":"<!-- This site is optimized with the Yoast SEO plugin v15.9.2 - https:\/\/yoast.com\/wordpress\/plugins\/seo\/ -->\n<title>- Le Pol del Lauragu\u00e9s - Vin nature et bio du Lauragais<\/title>\n<meta name=\"robots\" content=\"index, follow, max-snippet:-1, max-image-preview:large, max-video-preview:-1\" \/>\n<link rel=\"canonical\" href=\"https:\/\/lepol.fr\/\" \/>\n<meta property=\"og:locale\" content=\"fr_FR\" \/>\n<meta property=\"og:type\" content=\"article\" \/>\n<meta property=\"og:title\" content=\"- Le Pol del Lauragu\u00e9s - Vin nature et bio du Lauragais\" \/>\n<meta property=\"og:description\" content=\"Bevengut, bienvenue, Adiu, com&rsquo;vas ? Plan, e tu ? Oc, vau plan, merc\u00e9 &#8230; Install\u00e9s sur un terrain de 10 ha qui a accueilli de la vigne auparavant, nous r\u00e9alisons et \u00e9levons des vins nature&hellip;\" \/>\n<meta property=\"og:url\" content=\"https:\/\/lepol.fr\/\" \/>\n<meta property=\"og:site_name\" content=\"Le Pol del Lauragu\u00e9s - Vin nature et bio du Lauragais\" \/>\n<meta property=\"article:modified_time\" content=\"2020-11-13T16:38:14+00:00\" \/>\n<meta property=\"og:image\" content=\"https:\/\/lepol.fr\/wp-content\/uploads\/2020\/11\/bandeau-1024x199.jpg\" \/>\n<meta name=\"twitter:card\" content=\"summary_large_image\" \/>\n<script type=\"application\/ld+json\" class=\"yoast-schema-graph\">{\"@context\":\"https:\/\/schema.org\",\"@graph\":[{\"@type\":\"Organization\",\"@id\":\"https:\/\/lepol.fr\/#organization\",\"name\":\"Le Pol del Lauragu\\u00e9s\",\"url\":\"https:\/\/lepol.fr\/\",\"sameAs\":[],\"logo\":{\"@type\":\"ImageObject\",\"@id\":\"https:\/\/lepol.fr\/#logo\",\"inLanguage\":\"fr-FR\",\"url\":\"https:\/\/lepol.fr\/wp-content\/uploads\/2020\/11\/image-logo-le-pol.jpg\",\"width\":579,\"height\":433,\"caption\":\"Le Pol del Lauragu\\u00e9s\"},\"image\":{\"@id\":\"https:\/\/lepol.fr\/#logo\"}},{\"@type\":\"WebSite\",\"@id\":\"https:\/\/lepol.fr\/#website\",\"url\":\"https:\/\/lepol.fr\/\",\"name\":\"LeLe Pol del Lauragu\\u00e9s - Vin nature et bio\",\"description\":\"\",\"publisher\":{\"@id\":\"https:\/\/lepol.fr\/#organization\"},\"potentialAction\":[{\"@type\":\"SearchAction\",\"target\":\"https:\/\/lepol.fr\/?s={search_term_string}\",\"query-input\":\"required name=search_term_string\"}],\"inLanguage\":\"fr-FR\"},{\"@type\":\"ImageObject\",\"@id\":\"https:\/\/lepol.fr\/#primaryimage\",\"inLanguage\":\"fr-FR\",\"url\":\"https:\/\/lepol.fr\/wp-content\/uploads\/2020\/11\/bandeau.jpg\",\"width\":1156,\"height\":225},{\"@type\":\"WebPage\",\"@id\":\"https:\/\/lepol.fr\/#webpage\",\"url\":\"https:\/\/lepol.fr\/\",\"name\":\"- Le Pol del Lauragu\\u00e9s - Vin nature et bio du Lauragais\",\"isPartOf\":{\"@id\":\"https:\/\/lepol.fr\/#website\"},\"primaryImageOfPage\":{\"@id\":\"https:\/\/lepol.fr\/#primaryimage\"},\"datePublished\":\"2020-11-10T14:14:14+00:00\",\"dateModified\":\"2020-11-13T16:38:14+00:00\",\"breadcrumb\":{\"@id\":\"https:\/\/lepol.fr\/#breadcrumb\"},\"inLanguage\":\"fr-FR\",\"potentialAction\":[{\"@type\":\"ReadAction\",\"target\":[\"https:\/\/lepol.fr\/\"]}]},{\"@type\":\"BreadcrumbList\",\"@id\":\"https:\/\/lepol.fr\/#breadcrumb\",\"itemListElement\":[{\"@type\":\"ListItem\",\"position\":1,\"item\":{\"@type\":\"WebPage\",\"@id\":\"https:\/\/lepol.fr\/\",\"url\":\"https:\/\/lepol.fr\/\",\"name\":\"Accueil\"}},{\"@type\":\"ListItem\",\"position\":2,\"item\":{\"@type\":\"WebPage\",\"@id\":\"https:\/\/lepol.fr\/\",\"url\":\"https:\/\/lepol.fr\/\",\"name\":\"- Le Pol del Lauragu\\u00e9s - Vin nature et bio du Lauragais\"}}]}]}<\/script>\n<!-- \/ Yoast SEO plugin. -->","_links":{"self":[{"href":"https:\/\/lepol.fr\/index.php?rest_route=\/wp\/v2\/pages\/184"}],"collection":[{"href":"https:\/\/lepol.fr\/index.php?rest_route=\/wp\/v2\/pages"}],"about":[{"href":"https:\/\/lepol.fr\/index.php?rest_route=\/wp\/v2\/types\/page"}],"author":[{"embeddable":true,"href":"https:\/\/lepol.fr\/index.php?rest_route=\/wp\/v2\/users\/1"}],"replies":[{"embeddable":true,"href":"https:\/\/lepol.fr\/index.php?rest_route=%2Fwp%2Fv2%2Fcomments&post=184"}],"version-history":[{"count":22,"href":"https:\/\/lepol.fr\/index.php?rest_route=\/wp\/v2\/pages\/184\/revisions"}],"predecessor-version":[{"id":283,"href":"https:\/\/lepol.fr\/index.php?rest_route=\/wp\/v2\/pages\/184\/revisions\/283"}],"wp:attachment":[{"href":"https:\/\/lepol.fr\/index.php?rest_route=%2Fwp%2Fv2%2Fmedia&parent=184"}],"curies":[{"name":"wp","href":"https:\/\/api.w.org\/{rel}","templated":true}]}}